9 prime?
True
Is 5850433997 a composite number?
False
Is 114258497 a composite number?
True
Is 40408481 composite?
False
Is 72327385309 composite?
True
Is 18697165891 composite?
True
Is 2477482993 prime?
True
Is 9551498893 composite?
False
Is 248952689 prime?
True
Is 242756441 a prime number?
True
Is 7202079673 prime?
False
Is 378112811 prime?
False
Is 15333515647 composite?
True
Is 5103974399 composite?
False
Is 4444090451 prime?
False
Is 909938767 prime?
True
Is 1027338173 composite?
True
Is 261281047 a prime number?
False
Is 102623683 a prime number?
True
Is 70046033241 a prime number?
False
Is 147302136257 a composite number?
True
Is 58224430339 a composite number?
False
Is 1497337489 a prime number?
False
Is 1697243101 a prime number?
False
Is 1459502963 prime?
False
Is 81382452347 a prime number?
False
Is 4514864411 a prime number?
False
Is 501188393 composite?
True
Is 2530309237 composite?
True
Is 11646718067 composite?
False
Is 556585519 a composite number?
True
Is 71561507 prime?
False
Is 19343128691 prime?
False
Is 50131157459 a prime number?
False
Is 260118349 a prime number?
True
Is 31769373209 a prime number?
False
Is 50057143 a composite number?
False
Is 12672080507 a prime number?
True
Is 21575629 a composite number?
False
Is 11310705131 composite?
True
Is 15266706761 a prime number?
False
Is 33321906043 prime?
False
Is 4416582805 a prime number?
False
Is 1893269047 composite?
False
Is 232275870641 prime?
False
Is 10639767721 a composite number?
True
Is 172035171569 a composite number?
False
Is 4188070741 a composite number?
False
Is 53726663 prime?
True
Is 3090093229 prime?
True
Is 694423201 composite?
True
Is 72128899 composite?
False
Is 11980187327 a prime number?
True
Is 63647935241 a prime number?
False
Is 14014179071 a composite number?
True
Is 1416176009 prime?
False
Is 19573854497 prime?
True
Is 1104928241 a composite number?
True
Is 6908620129 a prime number?
True
Is 5915070673 a prime number?
True
Is 9181476449 composite?
True
Is 19913353 prime?
True
Is 7273713077 prime?
False
Is 82579613 a prime number?
True
Is 92435202623 composite?
False
Is 104517400201 a prime number?
False
Is 18760823357 a composite number?
True
Is 9219661031 a composite number?
True
Is 401540831 a prime number?
False
Is 19292896211 a composite number?
True
Is 24118013639 a prime number?
True
Is 15928914527 a prime number?
False
Is 27203674271 a prime number?
True
Is 1259204591 a prime number?
True
Is 19494863741 composite?
False
Is 30140480011 prime?
False
Is 3311050753 prime?
True
Is 86928801293 prime?
True
Is 99334219 composite?
True
Is 2421719687 prime?
True
Is 39406512391 a prime number?
True
Is 20882260157 prime?
False
Is 279507287 prime?
False
Is 2722140599 composite?
False
Is 2958151987 composite?
True
Is 39919279 a prime number?
False
Is 15615093883 a prime number?
True
Is 17538030203 a prime number?
False
Is 25286249 a prime number?
True
Is 110311475617 a prime number?
False
Is 8339655295 a prime number?
False
Is 7381894357 prime?
False
Is 8619858223 a prime number?
True
Is 74892664919 composite?
False
Is 6670782179 a composite number?
True
Is 2041723283 prime?
True
Is 32912373794 a composite number?
True
Is 130074981821 a prime number?
False
Is 182918723 composite?
True
Is 78011471 prime?
False
Is 3840973831 a prime number?
True
Is 10677033463 a composite number?
True
Is 194029219357 a composite number?
True
Is 287323913 a prime number?
True
Is 11764805957 composite?
False
Is 2268540749 composite?
False
Is 33347135737 prime?
True
Is 21750589639 a prime number?
True
Is 57925144703 a prime number?
False
Is 5875961053 a prime number?
True
Is 35698257911 composite?
True
Is 38803771 a prime number?
True
Is 3156152693 prime?
False
Is 14870493487 prime?
False
Is 3709779911 prime?
True
Is 4976083771 prime?
False
Is 149798573 prime?
True
Is 99866245114 a composite number?
True
Is 492447971 a composite number?
False
Is 50604032791 composite?
True
Is 2077282523 prime?
True
Is 36156230945 a composite number?
True
Is 66999119101 prime?
False
Is 2336834117 a prime number?
True
Is 29354395453 a prime number?
True
Is 4692711097 a composite number?
False
Is 2019986623 a composite number?
True
Is 65829776891 a composite number?
False
Is 37474523 a composite number?
False
Is 724489177 composite?
False
Is 4273875007 prime?
True
Is 125566122161 a prime number?
False
Is 5645920237 a composite number?
False
Is 3235062461 a composite number?
True
Is 128629877 a composite number?
True
Is 5134480579 a prime number?
True
Is 107000985491 composite?
False
Is 2039735351 a composite number?
True
Is 4542222829 prime?
True
Is 28420892167 a composite number?
False
Is 18399971371 a composite number?
False
Is 142765631 composite?
True
Is 2428813489 a prime number?
True
Is 28653063853 composite?
False
Is 2931166933 a composite number?
False
Is 41891921111 a composite number?
True
Is 353708801 a composite number?
True
Is 224211369 a composite number?
True
Is 333212851 a prime number?
False
Is 113249593 prime?
False
Is 4409992361 prime?
True
Is 43216483249 prime?
True
Is 25975803635 composite?
True
Is 14505287039 prime?
False
Is 45675722765 a composite number?
True
Is 30191730353 a composite number?
True
Is 18131761841 a composite number?
True
Is 1514153003 a composite number?
True
Is 6500724227 a prime number?
True
Is 277131873 a prime number?
False
Is 429552289 a composite number?
True
Is 23427902743 a composite number?
True
Is 580116583 a prime number?
True
Is 12960788347 a composite number?
True
Is 20359023665 a composite number?
True
Is 37575427411 a composite number?
False
Is 1574489531 prime?
True
Is 2966619343 composite?
False
Is 295686733 prime?
True
Is 135514404293 composite?
True
Is 48445997 prime?
True
Is 16928693129 a prime number?
True
Is 8133056123 composite?
False
Is 15013739973 prime?
False
Is 3371029509 a composite number?
True
Is 12408848807 prime?
True
Is 29779977829 a prime number?
False
Is 6036026251 a prime number?
False
Is 1486243487 a prime number?
False
Is 4127564509 a composite number?
False
Is 1764294979 a prime number?
True
Is 38024943719 a prime number?
False
Is 1921335139 a composite number?
True
Is 3617258831 composite?
True
Is 8849510321 composite?
False
Is 4744111331 composite?
True
Is 271922179 prime?
True
Is 270278787 composite?
True
Is 3429832687 a composite number?
True
Is 35052628669 a composite number?
False
Is 43121615809 composite?
False
Is 4153942063 a composite number?
True
Is 18270401473 prime?
True
Is 110078081 prime?
True
Is 87625193 a composite number?
True
Is 11560824239 composite?
True
Is 11197084213 a prime number?
False
Is 5668556723 composite?
False
Is 2454434203 composite?
True
Is 792851713 composite?
True
Is 184307531 a composite number?
False
Is 5416455027 composite?
True
Is 41268694619 prime?
True
Is 4239752233 composite?
False
Is 228172337 composite?
False
Is 20419788841 composite?
False
Is 647072267 a composite number?
False
Is 15390837101 prime?
True
Is 5216196329 a prime number?
False
Is 169561139 composite?
True
Is 77878998115 a composite number?
True
Is 4156348253 composite?
False
Is 47768132069 a composite number?
True
Is 12038557 prime?
False
Is 281393206147 prime?
False
Is 75101810263 a prime number?
False
Is 70606507 composite?
False
Is 16114328363 prime?
False
Is 91985039 prime?
False
Is 9173541631 prime?
True
Is 9170429407 composite?
False
Is 985106387 prime?
True
Is 892924511 composite?
False
Is 3944032427 prime?
False
Is 72053230679 composite?
True
Is 45634859 a composite number?
True
Is 1021792501 a prime number?
True
Is 1672301383 composite?
True
Is 303544919 composite?
False
Is 383295422 a prime number?
False
Is 93369433 a prime number?
False
Is 15703834429 composite?
True
Is 25904290901 a prime number?
True
Is 5475356587 a composite number?
True
Is 48291251 composite?
True
Is 9069795773 a prime number?
True
Is 246047789 a composite number?
True
Is 32506409561 a composite number?
True
Is 2171648333 a prime number?
True
Is 1228902761 a prime number?
False
Is 5304018149 composite?
False
Is 17184980023 composite?
True
Is 274766691179 prime?
True
Is 3032488465 a prime number?
False
Is 151534127 a prime number?
True
Is 42992880001 a composite number?
False
Is 5459874041 a prime number?
False
Is 7320545